{"id":37,"date":"2010-10-10T14:29:13","date_gmt":"2010-10-10T14:29:13","guid":{"rendered":"http:\/\/www.wow-media.com\/"},"modified":"2012-05-14T14:25:58","modified_gmt":"2012-05-14T14:25:58","slug":"profil","status":"publish","type":"page","link":"http:\/\/www.wow-media.com\/?page_id=37","title":{"rendered":"Profil"},"content":{"rendered":"<p><img loading=\"lazy\" src=\"http:\/\/www.wow-media.com\/wp-content\/uploads\/2010\/12\/Wolfgang_Wichmann_sw.jpg\" alt=\"Wolfgang Wichmann (2007)\" width=\"640\" height=\"426\" \/><\/p>\n<p>Wolfgang Wichmann wird am 6. April 1979 in Kaufbeuren im Allg\u00e4u geboren. Sein Abitur macht er 1998 in Kaufbeuren und absolviert anschlie\u00dfend beim lokalen Radiosender &#8222;Radio Ostallg\u00e4u&#8220; sein Volontariat zum Redakteur im lokalen H\u00f6rfunk. Von 2002 bis 2007 absolviert er nach dem Bachelor seine Masterabschl\u00fcsse der Studieng\u00e4nge &#8222;Medien und Kommunikation&#8220; in Augsburg und &#8222;Journalism&#8220; an der Indiana University, USA. Seit 2009 promoviert er bei Prof. Dr. Frank Brettschneider im Fach Kommunikationswissenschaft.<\/p>\n<p>Parallel zum Studium arbeitet er bei dem Augsburger Point-of-Sale Radioanbieter Sound System und danach beim M\u00fcnchner Radioanbieter BLR &amp; Radiodienst vor allem als Nachrichtenredakteur und Nachrichtensprecher. Von 2008\u00a0 bis 2011 arbeitet Wolfgang Wichmann als freier Mitarbeiter in der Redaktion von tagesschau.de. Seit Mai 2011 ist er festangestellter Redakteur im Team von ARD-aktuell in Hamburg.<\/p>\n<p><a title=\"2012 Wichmann - Lebenslauf\" href=\"http:\/\/www.wow-media.com\/wp-content\/uploads\/2010\/10\/2012-Lebenslauf-deutsch-web.pdf\" target=\"_blank\">Lebenslauf zum Download (Stand: 05\/2012)<\/a><\/p>\n<p>Hier finden Sie weitere Informationen:<br \/>\n&#8211; <a title=\"World of wow\" href=\"http:\/\/www.wow-media.com\/?page_id=41\" target=\"_blank\">Wer ist eigentlich wow? <\/a><br \/>\n&#8211; <a title=\"Wichmann - Mitgliedschaften\" href=\"http:\/\/www.wow-media.com\/?page_id=44\" target=\"_blank\">Meine Mitgliedschaften <\/a><\/p>\n","protected":false},"excerpt":{"rendered":"<p>Wolfgang Wichmann wird am 6. April 1979 in Kaufbeuren im Allg\u00e4u geboren. Sein Abitur macht er 1998 in Kaufbeuren und absolviert anschlie\u00dfend beim lokalen Radiosender &#8222;Radio Ostallg\u00e4u&#8220; sein Volontariat zum Redakteur im lokalen H\u00f6rfunk. Von 2002 bis 2007 absolviert er &hellip; <a href=\"http:\/\/www.wow-media.com\/?page_id=37\">Weiterlesen <span class=\"meta-nav\">&rarr;<\/span><\/a><\/p>\n","protected":false},"author":1,"featured_media":0,"parent":0,"menu_order":3,"comment_status":"closed","ping_status":"closed","template":"","meta":{"ngg_post_thumbnail":0},"_links":{"self":[{"href":"http:\/\/www.wow-media.com\/index.php?rest_route=\/wp\/v2\/pages\/37"}],"collection":[{"href":"http:\/\/www.wow-media.com\/index.php?rest_route=\/wp\/v2\/pages"}],"about":[{"href":"http:\/\/www.wow-media.com\/index.php?rest_route=\/wp\/v2\/types\/page"}],"author":[{"embeddable":true,"href":"http:\/\/www.wow-media.com\/index.php?rest_route=\/wp\/v2\/users\/1"}],"replies":[{"embeddable":true,"href":"http:\/\/www.wow-media.com\/index.php?rest_route=%2Fwp%2Fv2%2Fcomments&post=37"}],"version-history":[{"count":28,"href":"http:\/\/www.wow-media.com\/index.php?rest_route=\/wp\/v2\/pages\/37\/revisions"}],"predecessor-version":[{"id":166,"href":"http:\/\/www.wow-media.com\/index.php?rest_route=\/wp\/v2\/pages\/37\/revisions\/166"}],"wp:attachment":[{"href":"http:\/\/www.wow-media.com\/index.php?rest_route=%2Fwp%2Fv2%2Fmedia&parent=37"}],"curies":[{"name":"wp","href":"https:\/\/api.w.org\/{rel}","templated":true}]}}