{"id":29,"date":"2010-10-10T14:23:52","date_gmt":"2010-10-10T14:23:52","guid":{"rendered":"http:\/\/www.wow-media.com\/"},"modified":"2012-05-14T13:15:32","modified_gmt":"2012-05-14T13:15:32","slug":"forschung","status":"publish","type":"page","link":"http:\/\/www.wow-media.com\/?page_id=29","title":{"rendered":"Forschung"},"content":{"rendered":"<p>Hier finden Sie Informationen zu meinem Werdegang, sowie &#8211;<br \/>\n&#8211; meinen <a title=\"Forschungsschwerpunkte\" href=\"http:\/\/www.wow-media.com\/?page_id=31\" target=\"_blank\">Forschungsschwerpunkten<\/a><br \/>\n&#8211; meinen <a title=\"Publikationen\" href=\"http:\/\/www.wow-media.com\/?page_id=116\" target=\"_blank\">Vortr\u00e4gen &amp; Publikationen<\/a><\/p>\n<p>Nach meinem Volontariat im H\u00f6rfunk entschied ich mich f\u00fcr eine weitere Ausbildung im Bereich Medien und Journalismus. Zum Wintersemester 2002\/2003 begann ich ein Studium mit entsprechender fachlicher Ausrichtung.<\/p>\n<p><span style=\"text-decoration: underline;\">Bachelor, Medien und Kommunikation an der Universit\u00e4t Augsburg (2002 &#8211; 2006)<br \/>\n<\/span>Dieser Studiengang vermittelte Inhalte in drei Kernbereichen:<\/p>\n<ul>\n<li>Kommunikationswissenschaft (Prof. Frank Brettschneider)<\/li>\n<li>Medienp\u00e4dagogik (Prof. Gabi Reinmann) und<\/li>\n<li>Medieninformatik (Prof. Klaus Mainzer).<\/li>\n<\/ul>\n<p>Dar\u00fcber hinaus belegte ich Seminare in folgenden Bereichen:<br \/>\nMedienphilosophie, Medienpolitik, Politische Kommunikation, Medienpsychologie, Medienrecht und Mediensoziologie<\/p>\n<p>Im Anschluss erg\u00e4nzte ich mein Studium durch zwei Masterabschl\u00fcsse:<br \/>\n<span style=\"text-decoration: underline;\">Medien und Kommunikation an der Universit\u00e4t Augsburg (2005 &#8211; 2006)<\/span><br \/>\n<span style=\"text-decoration: underline;\">Journalismus an der Indiana University, Bloomington, USA (2006 &#8211; 2007)<\/span><\/p>\n<p>Meine Forschungsschwerpunkte liegen im Bereich der Kommunikationswissenschaft. Anhand der bekannten Laswell-Formel (1948) lassen sie sich gut aufz\u00e4hlen:<br \/>\nWho says what in which channel to whom with what effect?<\/p>\n<p>Davon abgeleitet interessiere ich mich besonders f\u00fcr:<br \/>\n&#8211; <strong>Journalismusforschung<\/strong> (Wer?)<br \/>\n&#8211; <strong>Politische Kommunikation<\/strong> (Was?)<br \/>\n&#8211; <strong>Medienwirkungsforschung<\/strong> (Mit welchem Effekt?)<\/p>\n<p>Entsprechend meiner Ausbildung verfolge ich die wissenschaftlichen Fragen:<br \/>\n&#8211; <strong>Beschreibung:<\/strong> Wie ist etwas?<br \/>\n&#8211; <strong>Erkl\u00e4rung: <\/strong>Warum ist etwas so wie es ist?<br \/>\n&#8211; <strong>Prognose: <\/strong>Wie wird etwas k\u00fcnftig sein?<br \/>\n&#8211; <strong>Technologien:<\/strong> Was muss getan werden, damit etwas so wird, wie man es m\u00f6chte?<\/p>\n","protected":false},"excerpt":{"rendered":"<p>Hier finden Sie Informationen zu meinem Werdegang, sowie &#8211; &#8211; meinen Forschungsschwerpunkten &#8211; meinen Vortr\u00e4gen &amp; Publikationen Nach meinem Volontariat im H\u00f6rfunk entschied ich mich f\u00fcr eine weitere Ausbildung im Bereich Medien und Journalismus. Zum Wintersemester 2002\/2003 begann ich ein &hellip; <a href=\"http:\/\/www.wow-media.com\/?page_id=29\">Weiterlesen <span class=\"meta-nav\">&rarr;<\/span><\/a><\/p>\n","protected":false},"author":1,"featured_media":0,"parent":0,"menu_order":2,"comment_status":"closed","ping_status":"open","template":"","meta":{"ngg_post_thumbnail":0},"_links":{"self":[{"href":"http:\/\/www.wow-media.com\/index.php?rest_route=\/wp\/v2\/pages\/29"}],"collection":[{"href":"http:\/\/www.wow-media.com\/index.php?rest_route=\/wp\/v2\/pages"}],"about":[{"href":"http:\/\/www.wow-media.com\/index.php?rest_route=\/wp\/v2\/types\/page"}],"author":[{"embeddable":true,"href":"http:\/\/www.wow-media.com\/index.php?rest_route=\/wp\/v2\/users\/1"}],"replies":[{"embeddable":true,"href":"http:\/\/www.wow-media.com\/index.php?rest_route=%2Fwp%2Fv2%2Fcomments&post=29"}],"version-history":[{"count":22,"href":"http:\/\/www.wow-media.com\/index.php?rest_route=\/wp\/v2\/pages\/29\/revisions"}],"predecessor-version":[{"id":106,"href":"http:\/\/www.wow-media.com\/index.php?rest_route=\/wp\/v2\/pages\/29\/revisions\/106"}],"wp:attachment":[{"href":"http:\/\/www.wow-media.com\/index.php?rest_route=%2Fwp%2Fv2%2Fmedia&parent=29"}],"curies":[{"name":"wp","href":"https:\/\/api.w.org\/{rel}","templated":true}]}}

<p>Hier finden Sie Informationen zu meinem Werdegang, sowie &#8211;<br />
&#8211; meinen <a title="Forschungsschwerpunkte" href="http://www.wow-media.com/?page_id=31" target="_blank">Forschungsschwerpunkten</a><br />
&#8211; meinen <a title="Publikationen" href="http://www.wow-media.com/?page_id=116" target="_blank">Vorträgen &amp; Publikationen</a></p>
<p>Nach meinem Volontariat im Hörfunk entschied ich mich für eine weitere Ausbildung im Bereich Medien und Journalismus. Zum Wintersemester 2002/2003 begann ich ein Studium mit entsprechender fachlicher Ausrichtung.</p>
<p><span style="text-decoration: underline;">Bachelor, Medien und Kommunikation an der Universität Augsburg (2002 &#8211; 2006)<br />
</span>Dieser Studiengang vermittelte Inhalte in drei Kernbereichen:</p>
<ul>
<li>Kommunikationswissenschaft (Prof. Frank Brettschneider)</li>
<li>Medienpädagogik (Prof. Gabi Reinmann) und</li>
<li>Medieninformatik (Prof. Klaus Mainzer).</li>
</ul>
<p>Darüber hinaus belegte ich Seminare in folgenden Bereichen:<br />
Medienphilosophie, Medienpolitik, Politische Kommunikation, Medienpsychologie, Medienrecht und Mediensoziologie</p>
<p>Im Anschluss ergänzte ich mein Studium durch zwei Masterabschlüsse:<br />
<span style="text-decoration: underline;">Medien und Kommunikation an der Universität Augsburg (2005 &#8211; 2006)</span><br />
<span style="text-decoration: underline;">Journalismus an der Indiana University, Bloomington, USA (2006 &#8211; 2007)</span></p>
<p>Meine Forschungsschwerpunkte liegen im Bereich der Kommunikationswissenschaft. Anhand der bekannten Laswell-Formel (1948) lassen sie sich gut aufzählen:<br />
Who says what in which channel to whom with what effect?</p>
<p>Davon abgeleitet interessiere ich mich besonders für:<br />
&#8211; <strong>Journalismusforschung</strong> (Wer?)<br />
&#8211; <strong>Politische Kommunikation</strong> (Was?)<br />
&#8211; <strong>Medienwirkungsforschung</strong> (Mit welchem Effekt?)</p>
<p>Entsprechend meiner Ausbildung verfolge ich die wissenschaftlichen Fragen:<br />
&#8211; <strong>Beschreibung:</strong> Wie ist etwas?<br />
&#8211; <strong>Erklärung: </strong>Warum ist etwas so wie es ist?<br />
&#8211; <strong>Prognose: </strong>Wie wird etwas künftig sein?<br />
&#8211; <strong>Technologien:</strong> Was muss getan werden, damit etwas so wird, wie man es möchte?</p>

<p>Hier finden Sie Informationen zu meinem Werdegang, sowie &#8211; &#8211; meinen Forschungsschwerpunkten &#8211; meinen Vorträgen &amp; Publikationen Nach meinem Volontariat im Hörfunk entschied ich mich für eine weitere Ausbildung im Bereich Medien und Journalismus. Zum Wintersemester 2002/2003 begann ich ein &hellip; <a href="http://www.wow-media.com/?page_id=29">Weiterlesen <span class="meta-nav">&rarr;</span></a></p>
